q - 1. Let h(v) = 2*s(v) - w(v). Suppose 133 = 7*m + 91. Determine h(m).
-3
Let m = -18 - -19. Let l(x) = 8 - x + 11 + m - 14. Calculate l(6).
0
Suppose 0 = 56*n - 50*n + 72. Let m(a) = -a - 13. Let h be m(n). Let b(r) = -6*r**2 - 1. What is b(h)?
-7
Let w = 24 + -12. Suppose -2*b = -4*d - w, 0 = 2*b - 7*b - 10. Let p(g) = -g**2 - g - 3. What is p(d)?
-15
Let p(k) = k**3 - 7*k**2 - 2*k - 8. Let f be ((-156)/(-104)*64/6)/2. Give p(f).
40
Let v(s) = -3*s + 6. Let n = -723 + 726. Give v(n).
-3
Let b be 15/6*48/10. Let n(g) be the second derivative of -b*g - g**2 - 1/6*g**3 + 0. Calculate n(-4).
2
Suppose 53 = 3*u + 14. Let w(x) = 0*x**2 + u*x**2 - 2*x**2 - x**3. Give w(11).
0
Suppose 0 = -7*b - 11 - 10. Let n(i) = -i - 4*i**2 + 7*i**2 - 1 + 5*i. What is n(b)?
14
Let g(l) = -l**2 + 6*l + 6. Let k be 4*(-8 - (-57)/6). Determine g(k).
6
Let t(a) = -14*a**2 + 21*a - 40. Let g(j) = 5*j**2 - 7*j + 14. Let v(r) = 11*g(r) + 4*t(r). Let k(q) = q**2 - 1 + 3*q + 7 + 8*q. Let i be k(-11). Give v(i).
0
Let f(k) = -k + 17. Let l be f(10). Let h = l + -4. Suppose -2*q = -3*p + 9, -p + 3*p + h*q - 19 = 0. Let d(w) = -w**2 + 5*w + 2. Give d(p).
2
Let m(y) = y**2 - 10*y + 16. Let i = -146 + 155. What is m(i)?
7
Let n(m) = 6 + 497*m - 239*m - 257*m. Let d(x) = x - 1. Let f be d(-7). What is n(f)?
-2
Let i(z) be the second derivative of -z**7/2520 + z**6/240 + 7*z**5/120 - 4*z**4/3 + 28*z. Let k(m) be the third derivative of i(m). Determine k(5).
-3
Let b(s) = 3*s + 994 - 3*s - 998 - s. Let o(h) = 2*h + 4 + 5*h - 6*h. Let q(i) = 5*b(i) + 6*o(i). Calculate q(3).
7
Let r(o) = -o**2 + 10*o + 14. Suppose -32 - 12 = -4*z. Let d be r(z). Let m(b) = 0*b + 0*b**d + 7*b**2 + 4 + 7*b + b**3. What is m(-6)?
-2
Let w(d) = -4*d - 16. Let v(f) = -7*f - 33. Let u(j) = 3*v(j) - 5*w(j). Let p = -65 + 67. Suppose p*c = 6*c - 0*c. Calculate u(c).
-19
Suppose 0 = -6*t + 15*t. Let z(j) be the second derivative of -j**5/20 + j**3/6 + 5*j**2/2 + j. Calculate z(t).
5
Let r(u) = 21*u**3 - 9*u**2 + 13*u - 2. Let v(k) = 10*k**3 - 4*k**2 + 6*k - 1. Let a(d) = -4*r(d) + 9*v(d). Give a(1).
7
Let s(a) = a**2 + 19*a + 25. Suppose -z = -4*q - 67, -z - 29 = -q - 42. What is s(q)?
7
Let g(s) be the third derivative of s**7/2520 - s**6/720 + 4*s**5/15 - 11*s**2. Let v(c) be the third derivative of g(c). Give v(-1).
-3
Let g(m) = 116*m - 100*m + 56*m**3 - 55*m**3 + 20*m**2 - 51. Determine g(-19).
6
Let y be (((-304)/(-24))/19)/(2/(-6)). Let m = 0 - -1. Let t(b) = m - 2*b + 3*b + b. What is t(y)?
-3
Let s(i) = 2*i - 4. Suppose 3*o = 12, -3*u + u - 4*o = -26. Let l(h) = -4*h + 8. Let b(a) = u*s(a) + 2*l(a). Calculate b(6).
8
Suppose -2*v - 22 + 22 = 0. Suppose 5*q + 2*r = -21, v = q + 3*q + r + 18. Let c(s) = 3*s - 9. Let t(p) = 4*p - 9. Let g(b) = 5*c(b) - 4*t(b). Calculate g(q).
-4
Let d = 254 - 259. Let v(p) = 3*p + 6. Calculate v(d).
-9
Suppose -2*y - 39 = y. Let u = 1 + y. Let p = u + 9. Let r(f) = -f**3 - 2*f**2 + f - 4. What is r(p)?
2
Suppose 5*k - 2 = 4*k + 5*g, 0 = 4*k + 2*g - 30. Let n(t) = 5 - 2*t**2 + 1 + k*t + 3*t**2 + t. Suppose 0 = -v + 2*l - 0*l + 4, 0 = -4*l - 20. What is n(v)?
-6
Let w(x) = -x**3 - 10 + 134*x**2 - 62*x**2 - 64*x**2. What is w(8)?
-10
Let r(q) = 26*q**2 + 11*q - 1. Let n(o) = -18*o**2 - 11*o - 1. Let i(k) = -3*n(k) - 2*r(k). Determine i(-6).
11
Let m(f) = -f**3 + 37*f**2 - 70*f + 8. Let k be m(35). Let l(w) = w**3 - 10*w**2 + 16*w + 5. Give l(k).
5
Let q(o) = -6*o**2 - o + 1. Suppose 0*l - 2*l + 4 = 0. Suppose -6 = -8*g + l*g. Calculate q(g).
-6
Let y(i) = 0 - 20 + i + 10 + 5. Suppose 0 = -5*k - x - 4*x + 5, 3*k + 4*x + 1 = 0. Calculate y(k).
0
Let r(p) = 2805*p - 2 - 2807*p + 7. Let q be r(4). Let b(j) = j**3 + 3*j**2 - 4*j - 3. What is b(q)?
9
Let x be (-3*(-10)/90)/((-2)/6). Let g(h) = 3*h**2 - 2*h - 1. Determine g(x).
4
Let t(q) = q**2 - 2 + 15*q**2 + 3*q - 18*q**2 + q. Determine t(2).
-2
Let t(u) = u**2 - 8*u - 7. Let y be t(8). Let b(s) = s**3 + 49 - 75 + 27 + 7*s**2. What is b(y)?
1
Let u(y) = 62*y**2 - 1 + y**3 - 34*y**2 - 2 - 34*y**2. Determine u(6).
-3
Let r(f) = -7*f - 4. Let l be r(-2). Let d(i) = l - 27 + 11*i + i**2 + 13. What is d(-11)?
-4
Let l(g) = g**3 + 1 - 2*g + g**2 - g**2. Let w = -13 - -17. Suppose w*n = -2 + 10. Determine l(n).
5
Let h(i) = 6*i - i**2 - 1 + 11 + 1. Let s = -1940 + 1948. Give h(s).
-5
Let d be 164/123 + 4/6. Let g(v) be the first derivative of d + v - 1/3*v**3 + 1/2*v**2. What is g(0)?
1
Let t = 31 - 19. Let k(z) = t - 5*z**2 - 1 - z - 4 - 6. Let u be k(1). Let w(g) = -g**3 - 6*g**2 - 4*g. Calculate w(u).
-5
Let u = 1 - -35. Let i be (4 + u/(-10))*5. Let v(s) = s**3 - 2*s**i - 6*s**2 + 2*s**2 + 7 + 5*s - 11. Give v(5).
-4
Let w = -2 - 2. Let l(h) = -2*h - 3. Let n(z) = 3*z + 2. Let r(k) = 2*l(k) + 3*n(k). Determine r(w).
-20
Let u(m) = -23*m. Let w(o) = -14*o. Let a(k) = -5*u(k) + 8*w(k). Determine a(-5).
-15
Let t(o) = -o**3 - 5*o**2 + 6*o + 9. Let x be t(-6). Let k be (-1 + 2 - 0) + 3. Suppose -25 = x*q - k*q. Let j(u) = u + 6. Give j(q).
1
Let i = 3 - 8. Let f(r) = r**3 - 8*r**2 - 7*r - 6. Let n(u) = -u**3 + u**2. Let y(b) = -f(b) - 2*n(b). Give y(i).
-4
Let n(k) = 7*k**2 - 8*k - 5*k**2 + 0*k - k**2. Determine n(9).
9
Let z be (-4)/10*(90 + -100). Let k(m) = m**2 - m - 6. Calculate k(z).
6
Let j = 11 - 8. Suppose g + 10 = j*g. Suppose u - 6*u = -g. Let o(l) = 7*l. Determine o(u).
7
Let m(y) = -y**2 - 6*y + 4. Let j(q) = -7*q - 231. Let c be j(-32). Give m(c).
-3
Let u(v) = -v**3 - 6*v**2 + 2*v - 2. Let m(x) = 16*x + 42. Let p be m(-3). Determine u(p).
-14
Suppose -16*t = -17*t + 4. Let g(y) = 4*y - 5 + 290*y**3 + 4 + 3*y**2 - 291*y**3. Calculate g(t).
-1
Let m(i) = i**2 + i - 3. Let u(a) = 10*a**2 - 75*a + 31. Let t be u(7). Give m(t).
9
Let u be (-68)/18 - 8/36. Let m(j) be the first derivative of -6 - 2*j + 1/2*j**2. Determine m(u).
-6
Let g be 0 + 4 + -8 + 8. Let f(z) = 5*z**2 - z**3 + g - z + 5*z**2 + 0*z**2 - 5*z**2. What is f(5)?
-1
Let t = 7 + -5. Let q be 18/(-4)*-4*(-8)/(-3). Let v(i) = -7*i**3 + 2*i**t + 49 - 3*i - q + i. Determine v(1).
-6
Let q(w) = w**3 + 8*w**2 - 6*w + 137. Let y be q(-10). Let t(l) = l**3 + 3*l**2 - 5. Give t(y).
-5
Let k(a) = -5*a - 3. Suppose 5*g + 3*i + i = -26, -11 = g - 5*i. Give k(g).
27
Let v(a) be the first derivative of -3*a**7/280 - a**6/360 - a**5/60 - a**4/24 + 16*a**3/3 + 22. Let h(x) be the third derivative of v(x). Give h(-1).
9
Let g(c) = c - 6. Let w(q) = -q. Let o(y) be the first derivative of -2*y**2 + 5*y + 6. Let k(t) = -o(t) + 3*w(t). Let m(b) = 6*g(b) - 5*k(b). What is m(5)?
-6
Let r(t) be the second derivative of 1/24*t**4 - 3*t - 3/2*t**2 + 1/6*t**3 + 0. Let d(j) be the first derivative of r(j). What is d(0)?
1
Suppose q + 0*q + 5*g - 21 = 0, q - 3*g - 13 = 0. Let h(p) = 2 - p - q*p**2 - 18*p**2 + 35*p**2. Give h(2).
4
Suppose -2*f + 0 + 8 = 0. Let p(g) = 4*g**3 - 2 + 4*g**2 + g**3 - 13*g + 8*g. Let u(i) = i**3 - i. Let j(d) = -p(d) + 6*u(d). Calculate j(f).
-2
Let r(z) = z**3 + 0*z**3 + 2*z + 3*z**2 + 2*z - z. Give r(-2).
-2
Suppose 5*r + 13 = -2*s - 4, 1 = -2*r + 5*s. Let t be 20/15*r - -11. Let b(y) be the second derivative of y**4/12 - 2*y**3/3 - 5*y**2 + y. Give b(t).
11
Let d(k) = -k**2 + k + 3. Suppose 0 = -3*x + 3 + 3. Suppose 0 = 5*c + j + 1, x*c + 2 - 1 = -j. Let w be 1/((-1 + c)/3). Calculate d(w).
-9
Let w(z) = -z + 4. Let l(r) = 6*r. Let v be l(-9). Let u = 54 + v. Calculate w(u).
4
Let f(a) = -a**3 - 5*a**2 + 6*a + 1. Let s be 2/(-13) + 252/(-52). Calculate f(s).
-29
Let q(g) = g**2 + g + 24. Let t = -128 + 128. What is q(t)?
24
Let a(c) = -12*c**2 - 8*c + 15. Let w be a(3). Let b = -119 - w. Let m(v) = 2*v**2 + 1 - v + v**3 + 0*v**2 + 2*v. Calculate m(b).
-1
Let n(i) be the second derivative of i**3/3 - 2*i**2 - 111*i. What is n(8)?
12
Let q(u) = -3 - 4 + 4*u**3 - 25*u**2 - 3*u**3 + 32*u**2 + 7*u. What is q(-5)?
8
Suppose 2*i - 57 = 7. Let d be (i/(-14) - -2)*-7. Let o(u) = 0*u - u - d + 5*u + 7*u. Calculate o(2).
20
Let m(k) be the third derivative of k**6/720 + k**5/20 - k**4/4 + 6*k**2. Let f(u) be the second derivative of m(u). Give f(0).
6
Let i(d) = 5. Let r = 29 + -11. Let g(j) = -11 - 8 + r - j. Let b(p) = -g(p) + i(p). What is b(0)?
6
Suppose 0 = -2*d + 2 - 4. Let f be 1 - -2 - (d - -1). Suppose -4*j = -s - 0*s + 17, j + f*s - 12 = 0. Let m(o)